{"id":19,"date":"2023-03-19T23:00:21","date_gmt":"2023-03-19T22:00:21","guid":{"rendered":"https:\/\/praemien-staging.digipoc.xyz\/?page_id=19"},"modified":"2025-08-29T11:31:11","modified_gmt":"2025-08-29T09:31:11","slug":"homepgae","status":"publish","type":"page","link":"https:\/\/praemien-staging.blutspende-basel.ch\/","title":{"rendered":"Pr\u00e4mienshop f\u00fcr Blutspender:innen"},"content":{"rendered":"\n<h2 class=\"wp-block-heading\">Vielen Dank f\u00fcr Ihre regelm\u00e4ssige Blutspende!<\/h2>\n\n\n\n<p>Die Spit\u00e4ler rund um Basel ben\u00f6tigen t\u00e4glich gespendetes Blut. Das Team des Blutspendezentrum SRK beider Basel  bedankt sich bei den 2.5% der Bev\u00f6lkerung, f\u00fcr die es eine Selbstverst\u00e4ndlichkeit ist, regelm\u00e4ssig Blut zu spenden.<\/p>\n\n\n\n<h2 class=\"wp-block-heading\">Spendepunkte sammeln und einl\u00f6sen<\/h2>\n\n\n<div class=\"wp-block-image\">\n<figure class=\"alignleft size-large is-resized\"><img loading=\"lazy\" decoding=\"async\" width=\"683\" height=\"1024\" src=\"https:\/\/praemien-staging.blutspende-basel.ch\/wp-content\/uploads\/2023\/05\/Blutspende_Basel_Praemienshop-683x1024.jpg\" alt=\"\" class=\"wp-image-365\" style=\"width:311px;height:467px\" srcset=\"https:\/\/praemien-staging.blutspende-basel.ch\/wp-content\/uploads\/2023\/05\/Blutspende_Basel_Praemienshop-683x1024.jpg 683w, https:\/\/praemien-staging.blutspende-basel.ch\/wp-content\/uploads\/2023\/05\/Blutspende_Basel_Praemienshop-200x300.jpg 200w, https:\/\/praemien-staging.blutspende-basel.ch\/wp-content\/uploads\/2023\/05\/Blutspende_Basel_Praemienshop-768x1151.jpg 768w, https:\/\/praemien-staging.blutspende-basel.ch\/wp-content\/uploads\/2023\/05\/Blutspende_Basel_Praemienshop-1025x1536.jpg 1025w, https:\/\/praemien-staging.blutspende-basel.ch\/wp-content\/uploads\/2023\/05\/Blutspende_Basel_Praemienshop-1366x2048.jpg 1366w, https:\/\/praemien-staging.blutspende-basel.ch\/wp-content\/uploads\/2023\/05\/Blutspende_Basel_Praemienshop-416x624.jpg 416w, https:\/\/praemien-staging.blutspende-basel.ch\/wp-content\/uploads\/2023\/05\/Blutspende_Basel_Praemienshop-scaled.jpg 1708w\" sizes=\"auto, (max-width: 683px) 100vw, 683px\" \/><\/figure>\n<\/div>\n\n\n<p>Sammeln Sie Punkte bei jeder Spende und l\u00f6sen Sie diese hier <a href=\"https:\/\/praemien-staging.blutspende-basel.ch\/index.php\/shop\/\" data-type=\"URL\" data-id=\"https:\/\/praemien-staging.blutspende-basel.ch\/index.php\/shop\/\">im Pr\u00e4mienshop<\/a> gegen Gutscheine und Eintrittskarten ein. Zum selber einl\u00f6sen oder weiterverschenken :).<\/p>\n\n\n\n<p><strong>Neu<\/strong> k\u00f6nnen Sie &#171;Zweimal Gutes tun&#187; und ein Teil Ihrer <a href=\"https:\/\/www.blutspende-basel.ch\/blutspende\/praemienshop\/zweimalgutestun\/\" data-type=\"link\" data-id=\"https:\/\/www.blutspende-basel.ch\/blutspende\/praemienshop\/zweimalgutestun\/\" target=\"_blank\" rel=\"noreferrer noopener\">Pr\u00e4mienpunkte an ausgew\u00e4hlte Naturschutzorganisationen spenden. Details hier.<\/a><br><br><strong>Wie viele Punkte erhalte ich pro Spende?<\/strong><br>Pro Vollblutspende: 3 Punkte<br>Pro Blutpl\u00e4ttchenspende: 20 Punkte<br>F\u00fcr Ihre erste Spende bei uns: 5 Punkte<br>Bringen Sie jemanden mit: 5 Punkte<\/p>\n\n\n\n<p><strong>Wie logge ich mich in den Shop ein?<\/strong><br>Hier unter <a href=\"https:\/\/praemien-staging.blutspende-basel.ch\/index.php\/mein-konto\/\">mein Konto<\/a> loggen Sie sich mit Ihrer Spendenummer und Ihrer bei uns hinterlegten E-Mail Adresse ein und schon kann es losgehen. Ihren aktuellen Punktestand sehen Sie, sobald Sie sich eingelogged haben.<\/p>\n\n\n\n<p>Viel Vergn\u00fcgen beim Punkte einl\u00f6sen &#8211; und herzlichen Dank f\u00fcr Ihre regelm\u00e4ssigen Blutspenden!<br><br>Ihr Team von der Blutspende SRK beider Basel<\/p>\n\n\n<div class=\"wp-block-image\">\n<figure class=\"alignleft size-large is-resized\"><img loading=\"lazy\" decoding=\"async\" width=\"1024\" height=\"298\" src=\"https:\/\/praemien-staging.blutspende-basel.ch\/wp-content\/uploads\/2023\/05\/BS_SRK_rgb_beider_basel_300dpi-1024x298.jpg\" alt=\"\" class=\"wp-image-374\" style=\"width:401px;height:116px\" srcset=\"https:\/\/praemien-staging.blutspende-basel.ch\/wp-content\/uploads\/2023\/05\/BS_SRK_rgb_beider_basel_300dpi-1024x298.jpg 1024w, https:\/\/praemien-staging.blutspende-basel.ch\/wp-content\/uploads\/2023\/05\/BS_SRK_rgb_beider_basel_300dpi-300x87.jpg 300w, https:\/\/praemien-staging.blutspende-basel.ch\/wp-content\/uploads\/2023\/05\/BS_SRK_rgb_beider_basel_300dpi-768x224.jpg 768w, https:\/\/praemien-staging.blutspende-basel.ch\/wp-content\/uploads\/2023\/05\/BS_SRK_rgb_beider_basel_300dpi-416x121.jpg 416w, https:\/\/praemien-staging.blutspende-basel.ch\/wp-content\/uploads\/2023\/05\/BS_SRK_rgb_beider_basel_300dpi.jpg 1417w\" sizes=\"auto, (max-width: 1024px) 100vw, 1024px\" \/><\/figure>\n<\/div>","protected":false},"excerpt":{"rendered":"<p>Vielen Dank f\u00fcr Ihre regelm\u00e4ssige Blutspende! Die Spit\u00e4ler rund um Basel ben\u00f6tigen t\u00e4glich gespendetes Blut. Das Team des Blutspendezentrum SRK beider Basel bedankt sich bei den 2.5% der Bev\u00f6lkerung, f\u00fcr die es eine Selbstverst\u00e4ndlichkeit ist, regelm\u00e4ssig Blut zu spenden. Spendepunkte sammeln und einl\u00f6sen Sammeln Sie Punkte bei jeder Spende und l\u00f6sen Sie diese hier im [&hellip;]<\/p>\n","protected":false},"author":1,"featured_media":0,"parent":0,"menu_order":0,"comment_status":"closed","ping_status":"closed","template":"","meta":{"_acf_changed":false,"footnotes":""},"class_list":["post-19","page","type-page","status-publish","hentry"],"acf":[],"_links":{"self":[{"href":"https:\/\/praemien-staging.blutspende-basel.ch\/index.php\/wp-json\/wp\/v2\/pages\/19","targetHints":{"allow":["GET"]}}],"collection":[{"href":"https:\/\/praemien-staging.blutspende-basel.ch\/index.php\/wp-json\/wp\/v2\/pages"}],"about":[{"href":"https:\/\/praemien-staging.blutspende-basel.ch\/index.php\/wp-json\/wp\/v2\/types\/page"}],"author":[{"embeddable":true,"href":"https:\/\/praemien-staging.blutspende-basel.ch\/index.php\/wp-json\/wp\/v2\/users\/1"}],"replies":[{"embeddable":true,"href":"https:\/\/praemien-staging.blutspende-basel.ch\/index.php\/wp-json\/wp\/v2\/comments?post=19"}],"version-history":[{"count":4,"href":"https:\/\/praemien-staging.blutspende-basel.ch\/index.php\/wp-json\/wp\/v2\/pages\/19\/revisions"}],"predecessor-version":[{"id":585,"href":"https:\/\/praemien-staging.blutspende-basel.ch\/index.php\/wp-json\/wp\/v2\/pages\/19\/revisions\/585"}],"wp:attachment":[{"href":"https:\/\/praemien-staging.blutspende-basel.ch\/index.php\/wp-json\/wp\/v2\/media?parent=19"}],"curies":[{"name":"wp","href":"https:\/\/api.w.org\/{rel}","templated":true}]}}