{"id":3266,"date":"2023-03-19T22:38:23","date_gmt":"2023-03-19T20:38:23","guid":{"rendered":"https:\/\/praemien-staging.blutspende-basel.ch\/index.php\/produkt\/aquabasilea-tag-2-3\/"},"modified":"2026-01-14T19:19:30","modified_gmt":"2026-01-14T17:19:30","slug":"aquabasilea-tag-2","status":"publish","type":"product","link":"https:\/\/praemien-staging.blutspende-basel.ch\/index.php\/produkt\/aquabasilea-tag-2\/","title":{"rendered":"Tageseintritt Aquabasilea"},"content":{"rendered":"<div class=\"container-breite-2\">\n<p>Das aquabasilea Erlebnisbad in Pratteln bei Basel bringt jede Menge Spass auf 7 Wasserrutschen mit einer Gesamtl\u00e4nge von 824 Metern.<br \/>\n<span id=\"page120R_mcid3\" class=\"markedContent\"><span dir=\"ltr\" role=\"presentation\"><br \/>\nGutschein f\u00fcr einen <\/span><\/span><span id=\"page120R_mcid4\" class=\"markedContent\"><\/span><span id=\"page120R_mcid5\" class=\"markedContent\"><span dir=\"ltr\" role=\"presentation\">Einzeleintritt Erwachsene (ab 16 Jahre) g\u00fcltig g<\/span><\/span><span id=\"page120R_mcid6\" class=\"markedContent\"><\/span><span id=\"page120R_mcid7\" class=\"markedContent\"><\/span><span id=\"page120R_mcid8\" class=\"markedContent\"><span dir=\"ltr\" role=\"presentation\">anzer Tag in der Badewelt (<\/span><\/span><span id=\"page120R_mcid10\" class=\"markedContent\"><span dir=\"ltr\" role=\"presentation\">auch Sa\/So g\u00fcltig).<br \/>\n<\/span><\/span><span id=\"page120R_mcid3\" class=\"markedContent\"><span dir=\"ltr\" role=\"presentation\">Gutschein f\u00fcr einen\u00a0<\/span><\/span><span id=\"page120R_mcid4\" class=\"markedContent\"><\/span><span id=\"page120R_mcid5\" class=\"markedContent\"><span dir=\"ltr\" role=\"presentation\">Einzeleintritt Kind (6 \u2013 15 Jahre) g\u00fcltig g<\/span><\/span><span id=\"page120R_mcid6\" class=\"markedContent\"><\/span><span id=\"page120R_mcid7\" class=\"markedContent\"><\/span><span id=\"page120R_mcid8\" class=\"markedContent\"><span dir=\"ltr\" role=\"presentation\">anzer Tag in der Badewelt (<\/span><\/span><span id=\"page120R_mcid10\" class=\"markedContent\"><span dir=\"ltr\" role=\"presentation\">auch Sa\/So g\u00fcltig).<\/span><\/span><\/p>\n<\/div>\n<p>Website: <a href=\"https:\/\/www.aquabasilea.ch\/badewelt.html\" target=\"_blank\" rel=\"noopener\">aquabasilea.ch<\/a><\/p>\n<p>&nbsp;<\/p>\n","protected":false},"excerpt":{"rendered":"<p>Das aquabasilea Erlebnisbad in Pratteln bei Basel bringt jede Menge Spass auf 7 Wasserrutschen mit einer Gesamtl\u00e4nge von 824 Metern. Gutschein f\u00fcr einen Einzeleintritt Erwachsene (ab 16 Jahre) g\u00fcltig ganzer Tag in der Badewelt (auch Sa\/So g\u00fcltig). Gutschein f\u00fcr einen\u00a0Einzeleintritt Kind (6 \u2013 15 Jahre) g\u00fcltig ganzer Tag in der Badewelt (auch Sa\/So g\u00fcltig). Website: [&hellip;]<\/p>\n","protected":false},"featured_media":403,"template":"","meta":{"_acf_changed":false},"product_brand":[],"product_cat":[51,22,18,20],"product_tag":[46,24,26,25],"class_list":{"0":"post-3266","1":"product","2":"type-product","3":"status-publish","4":"has-post-thumbnail","6":"product_cat-basel","7":"product_cat-freizeit-2","8":"product_cat-gutscheine","9":"product_cat-wellness","10":"product_tag-aquabasilea-badewelt","11":"product_tag-freizeit","12":"product_tag-gutschein","13":"product_tag-spenderpraemie","15":"first","16":"instock","17":"purchasable","18":"product-type-variable"},"acf":[],"_links":{"self":[{"href":"https:\/\/praemien-staging.blutspende-basel.ch\/index.php\/wp-json\/wp\/v2\/product\/3266","targetHints":{"allow":["GET"]}}],"collection":[{"href":"https:\/\/praemien-staging.blutspende-basel.ch\/index.php\/wp-json\/wp\/v2\/product"}],"about":[{"href":"https:\/\/praemien-staging.blutspende-basel.ch\/index.php\/wp-json\/wp\/v2\/types\/product"}],"wp:featuredmedia":[{"embeddable":true,"href":"https:\/\/praemien-staging.blutspende-basel.ch\/index.php\/wp-json\/wp\/v2\/media\/403"}],"wp:attachment":[{"href":"https:\/\/praemien-staging.blutspende-basel.ch\/index.php\/wp-json\/wp\/v2\/media?parent=3266"}],"wp:term":[{"taxonomy":"product_brand","embeddable":true,"href":"https:\/\/praemien-staging.blutspende-basel.ch\/index.php\/wp-json\/wp\/v2\/product_brand?post=3266"},{"taxonomy":"product_cat","embeddable":true,"href":"https:\/\/praemien-staging.blutspende-basel.ch\/index.php\/wp-json\/wp\/v2\/product_cat?post=3266"},{"taxonomy":"product_tag","embeddable":true,"href":"https:\/\/praemien-staging.blutspende-basel.ch\/index.php\/wp-json\/wp\/v2\/product_tag?post=3266"}],"curies":[{"name":"wp","href":"https:\/\/api.w.org\/{rel}","templated":true}]}}