{"id":3281,"date":"2023-03-19T22:38:23","date_gmt":"2023-03-19T20:38:23","guid":{"rendered":"https:\/\/praemien-staging.blutspende-basel.ch\/index.php\/produkt\/fcb-fanshop-gutschein-2-3\/"},"modified":"2026-01-14T19:19:32","modified_gmt":"2026-01-14T17:19:32","slug":"fcb-fanshop-gutschein-2","status":"publish","type":"product","link":"https:\/\/praemien-staging.blutspende-basel.ch\/index.php\/produkt\/fcb-fanshop-gutschein-2\/","title":{"rendered":"FCB-Fanshop Gutschein"},"content":{"rendered":"<p>Dieser Gutschein im Wert von CHF 20 oder CHF 50 ist sowohl im FCB-Fanshop als auch im FCB- Webshop g\u00fcltig.<\/p>\n<p><strong>Der Gutschein kann nicht f\u00fcr Tickets eingel\u00f6st werden.<\/strong><\/p>\n<p>Website:\u00a0<a href=\"https:\/\/shop.fcb.ch\/shop\" target=\"_blank\" rel=\"noopener\">fcb.ch\/shop<\/a><\/p>\n","protected":false},"excerpt":{"rendered":"<p>Dieser Gutschein im Wert von CHF 20 oder CHF 50 ist sowohl im FCB-Fanshop als auch im FCB- Webshop g\u00fcltig. Der Gutschein kann nicht f\u00fcr Tickets eingel\u00f6st werden. Website:\u00a0fcb.ch\/shop<\/p>\n","protected":false},"featured_media":410,"template":"","meta":{"_acf_changed":false},"product_brand":[],"product_cat":[22,32],"product_tag":[37,26,25],"class_list":{"0":"post-3281","1":"product","2":"type-product","3":"status-publish","4":"has-post-thumbnail","6":"product_cat-freizeit-2","7":"product_cat-shopping","8":"product_tag-fcb-fanshop","9":"product_tag-gutschein","10":"product_tag-spenderpraemie","12":"first","13":"instock","14":"purchasable","15":"product-type-variable"},"acf":[],"_links":{"self":[{"href":"https:\/\/praemien-staging.blutspende-basel.ch\/index.php\/wp-json\/wp\/v2\/product\/3281","targetHints":{"allow":["GET"]}}],"collection":[{"href":"https:\/\/praemien-staging.blutspende-basel.ch\/index.php\/wp-json\/wp\/v2\/product"}],"about":[{"href":"https:\/\/praemien-staging.blutspende-basel.ch\/index.php\/wp-json\/wp\/v2\/types\/product"}],"wp:featuredmedia":[{"embeddable":true,"href":"https:\/\/praemien-staging.blutspende-basel.ch\/index.php\/wp-json\/wp\/v2\/media\/410"}],"wp:attachment":[{"href":"https:\/\/praemien-staging.blutspende-basel.ch\/index.php\/wp-json\/wp\/v2\/media?parent=3281"}],"wp:term":[{"taxonomy":"product_brand","embeddable":true,"href":"https:\/\/praemien-staging.blutspende-basel.ch\/index.php\/wp-json\/wp\/v2\/product_brand?post=3281"},{"taxonomy":"product_cat","embeddable":true,"href":"https:\/\/praemien-staging.blutspende-basel.ch\/index.php\/wp-json\/wp\/v2\/product_cat?post=3281"},{"taxonomy":"product_tag","embeddable":true,"href":"https:\/\/praemien-staging.blutspende-basel.ch\/index.php\/wp-json\/wp\/v2\/product_tag?post=3281"}],"curies":[{"name":"wp","href":"https:\/\/api.w.org\/{rel}","templated":true}]}}